e?
True
Let z be (-12716)/(-12) - (-4)/(-6). Let y(o) = 2*o**2 + 4*o + 9. Let p be y(-4). Is (p/(-15) + 2)*z prime?
True
Let w(x) be the third derivative of -685*x**4/24 - 71*x**3/6 + x**2 - 4. Let g be w(-8). Suppose d + 4*d + 4*l = g, -2167 = -2*d - 5*l. Is d prime?
False
Let m = 2 + -4. Let t be 224/(-21) + 7 + m/(-3). Let s(z) = 117*z**2 - 2*z - 4. Is s(t) composite?
True
Suppose -197 = -b - 25. Let n = b - 294. Let d = n - -279. Is d a composite number?
False
Let h(s) = -18*s**2 - 2*s + 239929. Is h(0) prime?
True
Suppose 0 = 2*x + 5*x - 350. Let z = x - 48. Suppose 0*j + 4199 = 4*j - 3*q, 0 = -5*j - z*q + 5243. Is j composite?
False
Let a(p) = 2*p**3 - 52*p**2 - 132*p + 99. Is a(34) a composite number?
False
Let i(x) = -30 + 16 - 2*x**3 - 70*x**2 - 5*x - 16. Is i(-35) prime?
False
Let s(v) = v**2 + 7*v - 6. Suppose -6*d - 32 = -2*d. Let n be s(d). Suppose 0 = n*a, -a - 106 = -u + a. Is u prime?
False
Is (-3199391)/65*(1 + 4 + -10) a prime number?
False
Suppose -10*w + 11*w - 21 = 0. Let x = 22 - w. Is x - (40/(-30))/((-4)/(-6306)) a prime number?
False
Suppose 13*c = 9*c + 3*c + 37163. Is c a composite number?
True
Suppose 4*z - 13 = -217. Let a = z - -51. Suppose -576 = -3*m - 3*f, 586 = 3*m - a*f + 5*f. Is m a prime number?
False
Let x = -713 - -713. Suppose -5*h - 7*h + 856236 = x. Is h a composite number?
False
Let q(h) = 37*h**2 + 51*h - 53. Is q(-19) prime?
False
Is 272617107/(-477)*3/(-7) a prime number?
True
Let g be 1/1 - (-5437 - 3). Suppose -434*y + 433*y = -3, 3*y - 9 = -z. Suppose -2*d + 2*u - 5*u + g = z, 3*u = 3*d - 8169. Is d prime?
False
Is (193735/(-55))/(24/(-264)) composite?
False
Let r(v) = v**3 + 26*v**2 - 28*v - 60. Let u be r(-27). Let w = u + 33. Suppose 3*y - 6*y = -3*s - 3648, 5*s + 15 = w. Is y a composite number?
False
Is (-1195)/(-15)*(-2814)/(4 + -18) a prime number?
False
Let n be (6 + -8)*((-5)/2)/5. Let h(a) = 13218*a + 31. Is h(n) a prime number?
True
Let y(i) = -466*i - 6439. Is y(-15) a prime number?
False
Let n = -16891 - -34488. Is n composite?
False
Suppose -n - 3 + 15 = -2*y, -4*n + 58 = -3*y. Suppose 0 = -4*w + 4*o + n, 2 + 2 = 4*o. Suppose 4*c = -4*z + 356, -c + 2*c + 469 = w*z. Is z a prime number?
False
Suppose -2*q + 3*t = -2*t + 6, -2*t + 6 = -2*q. Let x(s) be the third derivative of -47*s**4/24 + 4*s**3/3 + 5*s**2. Is x(q) a composite number?
False
Let g(q) = 99*q**2 - 3*q - 16. Let i be g(6). Let k = i - -1245. Suppose -4*x - 107 = -k. Is x prime?
False
Let r(d) = d**3 - 75*d**2 + 16*d - 242. Is r(75) a composite number?
True
Let n(m) = -m**3 + m**2 - 5*m - 1749. Let f be n(0). Let i = 2546 + f. Is i a composite number?
False
Is (12/16 - 1486630/40 - 6)/(-1) a composite number?
False
Let c(j) = 130*j - 7. Let q(a) = 7*a - 1. Let o be q(1). Let t be c(o). Suppose 0 = 5*u - 3*b - b - 1965, 2*u - t = -b. Is u a composite number?
False
Let m(c) = -c**2 - 19*c + 42. Let q = 28 + -49. Let y be m(q). Suppose 7*i - 76 - 57 = y. Is i a composite number?
False
Let l be (-2 - -2013) + (-35)/(-7). Let p = 3299 - l. Is p a composite number?
False
Suppose -5*q + 5*a - 387 = -57, 2*q - 4*a = -128. Let y = 415 + q. Is y a composite number?
False
Suppose 0*o - 4*z - 389807 = -3*o, 779618 = 6*o - 4*z. Is o a composite number?
False
Let y(d) = d**2 + 25*d - 52. Let s be y(-27). Is 6234/9*2 - s/6 prime?
False
Let d(g) = 1034*g - 7. Let q be d(7). Let x be ((-40)/(-4))/2 - (-8 + 10). Suppose -2*z = -2*j + 4822, -4*z = x*j - 6*j + q. Is j a composite number?
True
Suppose d - b - 83767 = 0, 18*b + 83779 = d + 19*b. Is d a prime number?
True
Is (5 + (17 - -111631))/((-6 + 5)/(-1)) composite?
False
Let s = -72 + 78. Suppose -4*h = 3*u - 953, u + s*h = 4*h + 317. Is u a prime number?
False
Let d be 296/2*-4 - -1. Suppose -2*c - u = 3704, 0*c + 4*u = -2*c - 3716. Let z = d - c. Is z a prime number?
True
Suppose 2*j + 8 = 0, 3*j = 2*m + m - 42. Is (-26373)/(-15) - (-8)/m a composite number?
False
Let n(f) = 3*f - 13. Let j = -3 + 8. Let p be n(j). Suppose 3007 = 4*s - z, 15 = z + p*z. Is s a composite number?
True
Suppose -22 = -2*v - 16. Let i be (2 - v)/((-4)/24*3). Suppose -57 = -k - i*k. Is k a composite number?
False
Suppose -833 = -r + l, -4*r - 2*l = -0*l - 3314. Let t be 1*(913 - (2 - 3)*4). Suppose -3*f = 4*c - 298 - t, 2*f = 4*c + r. Is f a composite number?
False
Let l(t) = 23*t**3 - 36*t**2 + 138*t - 2030. Is l(27) composite?
False
Suppose 9*c - 5722132 = 215756 + 6670725. Is c a prime number?
False
Suppose 745 = 5*j - 5*t, 5*j + 3*t + 2*t - 755 = 0. Let c(f) = -1 + j*f + 200*f + 8 + 8*f. Is c(6) prime?
False
Let i = -6227 + 485646. Is i a prime number?
True
Let w be (0 - -1)*(-2154)/(-3). Suppose -355*k = -33*k - 367080. Let b = k - w. Is b composite?
True
Is (-2893453)/(-17) - ((-6)/(-136))/(60/160) composite?
True
Suppose -37969 + 163254 = -64*l + 1324453. Is l composite?
True
Is 12/22 + (-6)/((-594)/20270889) composite?
True
Suppose 3*z - 252249 = k + 2*k, -4*k = -24. Is z a composite number?
False
Suppose 0 = 5*b - 5*k - 175, 0*k = b - 3*k - 25. Suppose -15*i + 11*i = -b. Let m = 421 + i. Is m prime?
True
Is (181/724)/(2/(19815 - -1)) a composite number?
False
Let m(g) = 3*g**2 - 5*g - 7. Let h be m(-3). Suppose -5*s + 12*s = h. Suppose -9*q + s*q + 764 = 0. Is q prime?
True
Is ((-616744)/60)/((-52)/390) prime?
True
Let h = 6737 - 1746. Suppose -h = -5*y - 2*y. Is y prime?
False
Let d(y) be the first derivative of -3*y**4/2 - 2*y**3/3 - 3*y**2/2 - 2*y + 9. Let u be d(-1). Suppose -215 = -r + u*b, -r - b = -5*b - 213. Is r prime?
False
Let i(h) = h**3 + 26*h**2 + 22*h - 70. Let o be i(-25). Suppose 0 = -o*m - 17*m + 42878. Is m composite?
False
Is 0 + -9 - (-170 - 24) a composite number?
True
Let f(d) = 46 + 2*d + 42 - d - 91 + 1161*d**3. Is f(2) prime?
False
Let x(a) = 605*a**2 - 334*a + 6143. Is x(18) composite?
True
Suppose -10*g + 28808 = 3*g. Let d = g - 693. Is d a prime number?
True
Suppose -j + 27 = -t, 39 = j - 0*t + 3*t. Let u(d) = -d**3 + 33*d**2 - 37*d + 31. Is u(j) composite?
False
Let n(f) = -51832*f + 16. Let t be n(-2). Suppose 9*a - 11781 - t = 0. Is a a composite number?
False
Let v be (45/10 + -3)/(2/4). Suppose v*r + h - 2316 = 0, r = -h + 2*h + 776. Let d = 1446 - r. Is d a composite number?
False
Let v(l) = -15980*l - 2221. Is v(-35) composite?
True
Let g(n) = -11*n + 2*n - 36 + 5*n + 6*n. Let f be g(17). Is (3 - 3) + -2 - 134/f a prime number?
False
Let b = 2707 - -46171. Is b composite?
True
Let c(s) be the third derivative of 4*s**5/15 + s**4/6 - 5*s**3/6 - 9*s**2 + 10*s. Is c(7) prime?
False
Let y be 5/10*2*-3*2. Let z(c) = 19*c + 10. Let l be z(y). Let n = 187 + l. Is n composite?
False
Suppose -126 = 2*z - 0*z. Suppose 60*v - 2*v - 232 = 0. Let r = v - z. Is r a composite number?
False
Suppose -1919529 + 2377892 = 168*t - 4542157. Is t prime?
False
Let u(s) = 234*s**2 - 14*s - 317. Is u(-17) composite?
False
Suppose -24*o + 21*o = -219. Suppose 0*s + o = 2*g + s, -2*s = -5*g + 160. Suppose 38*f - 3188 = g*f. Is f a prime number?
True
Let l be 3/27*-3*-15411. Let r = l + -2909. Let f = r + -1473. Is f prime?
False
Let w be -2*(-7)/(-2) - (-147 + -1735). Let p(c) = c**2 + 2*c - 3. Let t be p(2). Suppose -6*v = -t*b - 3*v + 1867, -5*v - w = -5*b. Is b composite?
True
Let a(y) = y**3 + 5*y**2 - 12*y - 7. Let m be a(-5). Is ((-814)/8)/(m/(-212)) a composite number?
True
Suppose -102*w = 4*g - 103*w - 174888, -43707 = -g + 4*w. Is g composite?
True
Let d = 23 + -22. Let i be (d*-993)/(-1) + 4. Let o = i + -554. Is o composite?
False
Let a(t) = 2*t + 11. Let m be a(-6). Let b(n) = -82*n + 5. Let g be b(m). Suppose 524 = o + g. Is o composite?
True
Let c be ((-11)/3)/(2/(-6)). Suppose -c*j = -105 + 600. Is (-6)/27 + (-60220)/j - 1 prime?
False
Suppose 5*i - 13*o = -14*o + 198301, -5*o - 158606 = -4*i. Is i a composite number?
False
Suppose -2*u = 2*h - 1048, -2086 = -4*h - 3*u + u. Suppose h - 2863 = -8*c. Is c a prime number?
True
Let m(n) = 369*n**2 - 10*n - 9. Let y be m(-1). Suppose u + 5*j - y = 886, 3779 = 3*u + 4*j. Is u prime?
False
Let r = -17 - 25. Let a = -45 - r. Is (-354 + -4)/((-7 - a) + 3) a prime number?
False
Suppose 0 = -174*t - 160*t + 306*t + 21280924. Is t prime?
False
Suppose 4*j - 4 = 0, -5*j + 3*j = 5*n + 73. Let f = 13 - n. Suppose -f = -9*c + 251. Is 